(h). Let q(n) = 2*n**3 - 31*n**2 - 14*n - 24. Let x be q(16). Give j(x).
17
Let f be 94 + (1/(-2))/((-1)/(-2)). Suppose -f*o + 92*o + 29 = 0. Suppose -o - 43 = -8*m. Let h(b) = b**3 - 8*b**2 - 7*b - 13. What is h(m)?
5
Let l(w) = 2*w**3 - 2*w**2 + 1. Let a be l(-1). Suppose 3*d - d - 6 = 0. Let x(c) = 3*c**d - 8*c**3 + 7*c**2 - 3*c**2 - 4 + 6*c**3 + c. Calculate x(a).
2
Let y(w) be the first derivative of w**3/3 - 11*w + 61469. Suppose -l = 2*l. Give y(l).
-11
Let w(x) = -7*x**2 - 2*x + 2. Let u be ((-6)/(-5))/(3/(-400)). Let v = u + 162. Determine w(v).
-30
Let c = -47 - -50. Let q(z) = -14*z**3 + 4*z**2 + 44*z**c - 13*z**3 + 4 - 18*z**3. Calculate q(4).
4
Let l = 46171 + -46172. Let b = -5 + 8. Let d(c) = -3*c - 2*c**2 + 0*c**b - 1 + c + 2*c**3. Determine d(l).
-3
Suppose -326 - 111 = -23*q. Suppose -m - 4*w + q = 0, 2*m - 2*w - 103 = -105. Let p(f) = -f**3 + 2*f**2 + 4*f - 3. Calculate p(m).
0
Let i be ((-34)/4)/((-7)/14). Let m(g) be the third derivative of -i*g**2 - 1/24*g**4 + 0*g - 4/3*g**3 + 0. Calculate m(-9).
1
Let o(f) = -f**3 - 15*f**2 + 27*f + 92. Let w be o(-15). Let z = -308 - w. Let d(g) = g - 4. Determine d(z).
1
Let i be ((-51)/(-12) + -2)/(33/(-220)). Let k(g) = -8*g - 99. Give k(i).
21
Let i(f) = f**3 + 7*f**2 + 10*f + 1. Let h be 376/(-141) - ((-2)/(-6))/(4/16). Calculate i(h).
9
Let f(g) = 1757*g**3 + 1764*g**3 - 95 - 5286*g**3 + 1762*g**3 + 40 - 2*g - 87*g**2. Calculate f(-29).
3
Let h = 549 + -199. Suppose h*f - 353*f = -18. Let a(n) = n**3 - 5*n**2 - 4*n - 4. Determine a(f).
8
Let r(g) = -2*g**2 - 142 - 3*g**2 + 272 - 114 + 42*g. What is r(9)?
-11
Let g = 1468 + -1465. Let s(f) = 5*f - 9. Give s(g).
6
Let l(m) be the second derivative of m**5/20 + m**4/2 - 5*m**3/6 + 2*m**2 + 4602*m - 2. Give l(-6).
34
Let f(c) = c**3 - 4*c**2 + 4*c. Suppose 2*q - 3 = h, 0 = q - 5*h - 0 + 3. Determine f(q).
0
Suppose -2*z = 17 - 5. Let d(c) = -9 + 97*c**2 - 46*c**2 + c**3 - 4*c - 45*c**2. Give d(z).
15
Let o(q) = -q + 7. Let x = 146 - 138. Suppose 0*r - x = r + 3*n, 3*r - 20 = 2*n. Suppose -6*j - r*j = -12*j. Give o(j).
7
Suppose 5*j = j - 92. Let k = 27 + j. Let f be (9/k)/9 - (-1)/(-4). Let l(q) = -q**2 + q - 9. What is l(f)?
-9
Let g(b) = b**2 + 5*b - 10. Let o = 146 - 160. Let t(q) = 3*q**3 + 43*q**2 + 16*q + 21. Let c be t(o). Give g(c).
4
Suppose -50*i + 462 = -188. Let p(t) be the second derivative of 1/3*t**3 - 7/2*t**2 - i*t + 0. Give p(5).
3
Let l be 56/(-10) + (-6)/15. Let g(w) be the second derivative of 0 - 7/6*w**3 + 4*w**2 + 1/20*w**5 + 5/12*w**4 - 18*w. Give g(l).
14
Suppose -4*t = -t - 4*p - 15, 6 = 2*p. Let y(h) = -1 + h**2 + 0*h**3 - 2*h + t*h**3 - 11*h**3. Give y(2).
-17
Let l(s) = s**3 - 29*s**2 + s - 29. Let y be l(29). Let x(t) = 2 + 10*t**3 + y*t**3 + 3*t**3 - 2*t - 14*t**3. Determine x(1).
-1
Let u(r) = 3*r**2 - 2*r - 1. Let t be u(2). Let y(j) = 3*j + 6. Let c(m) = 10*m + 11 + 4 + 2. Let i(q) = t*y(q) - 2*c(q). Give i(-5).
3
Let t(u) = u**2 + 2*u + 3. Let p = 5 - 8. Let c(a) = -a**2 - 3*a - 4. Let n(k) = p*t(k) - 2*c(k). Let j be (-13 - -10)*(-1)/(2 + -5). Determine n(j).
-2
Let k(p) = p**2 + p - 38. Suppose 36*t - 46*t + 50 = 0. Suppose -t*q - 317 + 317 = 0. What is k(q)?
-38
Let l(n) be the third derivative of 2*n**2 - 1/24*n**4 + 0*n**3 + 0*n - 14. Calculate l(-1).
1
Let x(l) = -l**2 + 5*l + 81. Let c be x(12). Let o(t) = -t - 3*t + 9*t - 4 + 3. Determine o(c).
-16
Suppose 3*l = 4*u + 51 - 18, 5*u + 2*l + 24 = 0. Let q(i) be the third derivative of i**6/120 + i**5/12 - 5*i**4/24 - i**3 + i**2 - 4*i. Calculate q(u).
-12
Let s(u) be the second derivative of u**7/2520 - u**6/240 + u**5/120 - 9*u**4/2 + 18*u + 1. Let l(w) be the third derivative of s(w). Give l(2).
-1
Let z be 6*(15/6 + -1). Let t(q) = -16 + z*q + 6 + 11. Let b = -335 + 334. Calculate t(b).
-8
Suppose -8*r - 56 = -12*r. Suppose -6 = 2*y - r. Let c(u) = -2*u + 5. Give c(y).
-3
Let w(i) = i**2 + 307*i + 1521. Let r be w(-5). Let n(p) = -56*p + 610. Calculate n(r).
-6
Let b be 0 + -291 + 0/(-27). Let g = 285 + b. Let v(m) = m**3 + 5*m**2 - 7*m - 1. What is v(g)?
5
Let m(d) = -10*d + 1. Let s be m(-1). Suppose q + s = 3*z, -z - q = 2*q + 3. Let h(g) = 7*g**z - 2 - 6*g**3 + 3*g**2 - 7*g - 3. Give h(-5).
-20
Let z(c) = -5*c + 11. Let k be (6/1)/(-133 + 135). Determine z(k).
-4
Let z(k) = 4*k**2 + 9*k. Let f(c) = -c**2 - c. Let y(s) = -3*f(s) - z(s). Let j(o) = -23 - 24 + 45 - o**2. Let l be j(-1). Calculate y(l).
9
Let c(v) = v - 33 - 11*v**2 + 17 + 10 + 9. What is c(-2)?
-43
Let k(c) be the second derivative of -2*c**3/3 + 31*c**2 + 469*c - 1. Give k(19).
-14
Let n = -249 + 243. Let x(r) = r**3 + 5*r**2 - 10*r + 8. Let o(j) = -3*j**2 + 3*j**3 + 11*j - 2*j**2 - 9 - 4*j**3. Let f(t) = -4*o(t) - 5*x(t). Calculate f(n).
-4
Let i(f) be the second derivative of -25 + 5*f**2 + 1/6*f**3 + 2*f. Give i(-7).
3
Let y be (42/(-5) - -2)/((-235)/(-25) + -9). Let g(i) = 2*i**3 + 33*i**2 + 16*i + 7. What is g(y)?
7
Let i(h) = -h**3 - 12*h**2 + 3*h + 22. Let a = 3586 + -3598. Determine i(a).
-14
Let s be -5*(-2 - 0 - -4). Let f be s + (10 - 6/((-18)/(-15))). Let b(t) = t**2 + t - 4. Calculate b(f).
16
Let i(t) be the second derivative of 0 - 9*t + 1/12*t**4 + 15/2*t**2 - 3/2*t**3. Let h be i(8). Let q(p) = -p + 3. Determine q(h).
-4
Let i(q) be the first derivative of -q**4/4 - q**3 + 2*q**2 + 4*q - 29. Let y be (-4)/(2 - 3) + (-70)/10. Determine i(y).
-8
Let z(r) be the second derivative of r**5/20 - r**4/6 - 37*r**3/6 - 7*r**2/2 + 302*r. Calculate z(-5).
3
Let f = 16653 + -16653. Let n(j) = -7*j + 67. Determine n(f).
67
Let l(o) = -o**3 + 54*o**2 - 55*o + 78. Let v be 0 + 14 - (168 + -199) - -4*2. Calculate l(v).
-28
Let r(s) = -s**2 - 27*s - 96. Let m = 18208 - 18212. What is r(m)?
-4
Let g(s) = -s**2 + 34*s - 126. Let n(v) = -v + 47. Let d be n(17). Let h be g(d). Let o(f) = f**3 + 6*f**2 - 5. Determine o(h).
-5
Suppose 5*j + 20 = 5*o, 10*j - 10 = -3*o + 15*j. Let h(m) = 0 - 2*m**2 + 0 - 3 - o*m + m**2. What is h(-7)?
-17
Let z(a) = -a**3 + 4*a**2 + 5*a + 2. Suppose -7*j + 55 = -2*j. Let p be j/((9/6)/((-15)/(-10))). Suppose 1 = -2*l + p. Calculate z(l).
2
Let v(x) = -2*x**3 + 11*x**2 + 7*x - 2. Let u be v(6). Suppose -2*c = 6, 1 = u*p - 5*c + 30. Let j(m) = -m**2 - 11*m + 7. Determine j(p).
7
Let w = 29436 - 29435. Let f(b) = 33*b - 15. Give f(w).
18
Let a(c) = 348 + 24*c + 340 - 6*c - 690. Let s(b) = b**3 - b**2 + 1. Let u be s(1). Give a(u).
16
Let k(b) = b**2 - 13*b + 11. Let v be (-16)/2*(30/50 + 189/(-90)). Give k(v).
-1
Let p(b) = -20*b**2 + b - 1. Let t(k) = 3*k**2 + 14*k - 26. Let v be t(-6). What is p(v)?
-83
Let w(p) = -2*p**3 + p**2 + 4*p + 4. Let t be w(-4). Let h = t + -128. Suppose 4*g + 4 = -i + 1, h*i + 3*g = 1. Let a(y) = 4*y**2 - 2*y + 1. Calculate a(i).
3
Let w(n) = 18*n**2 - 15*n**2 - 8*n**2 + 2. Suppose 4*b + v + 6 = 0, 8*b + v - 10 = 12*b. What is w(b)?
-18
Suppose -16 = 3*z + 2*o, -z = 43*o - 38*o - 25. Let i(a) = a**3 + 10*a**2 + 3*a + 24. Give i(z).
-6
Let q(u) = 25*u**2 - u + 12. Let p(x) = 4*x**2 - x + 1. Let w(l) = -6*p(l) + q(l). Suppose t = 2*s - 10, t + 2 = -4*s + 4. Determine w(t).
12
Let s(y) = -y**3 + 10*y**2 + 13*y - 2. Let x(i) = 5*i**2 + 18*i + 3. Let n be 5/(-15)*21 - -3. Let m be x(n). Determine s(m).
20
Let q(o) = 7*o**2. Suppose 125*m - 53 = 212 + 110. Calculate q(m).
63
Let h(j) = -4*j**3 - 2*j**2 + 2*j + 1. Let g(a) = -24*a**3 - 16*a**2 + 22*a + 13. Let w(z) = -g(z) + 8*h(z). Determine w(-1).
9
Let c(z) = -3*z - 7. Let r be c(-3). Let b be (-45)/(-30) + 2/4 - r. Let y(o) = -o**3 - 2*o**2 - 4. Determine y(b).
-4
Let k(c) be the first derivative of 1/2*c**2 - 91 + 7*c + 1/3*c**3. Give k(-5).
27
Let o(y) = -9 + y + 1 - 2 + 3. Let d be ((-4)/18 + (-12)/(-54))/(-1). Suppose v + 3*v - v = d. What is o(v)?
-7
Let u be (-5 - (6 - 10))/(2/4). Let c be (3*(-10)/15)/u. Let q(y) = 40*y + c - 5 - 20*y - 21*y. Determine q(-4).
0
Suppose 5*r + c = 29, -r + 10 = -0*r - 4*c. Let d(x) = 2*x**2 - 7*x + 21. Calculate d(r).
51
Suppose -8*z + 5*z = -12. Let v(q) = -8*q + 6*q - 3*q**3 + 6 + 2*q**3 - 2*q**2 - z*q**2. Let x(k) = -k - 3. Let y be x(3). Calculate v(y).
18
Let n = 27 - 23. Let t(b) = 6*b**2 - 408*b + b**3 + 2*b**3 + 0*b**3 + 400*b + 10 - n*b**3. What is t(5)?
-5
Let i(x) = 5*x**3 + 11 + 255*x**2 - 15*x - 259*x**2 + x**3 - 5*x